Last updated on 2023-10-05 01:01:45 CEST.
Flavor | Version | Tinstall | Tcheck | Ttotal | Status | Flags |
---|---|---|---|---|---|---|
r-devel-linux-x86_64-debian-clang | 2023.08.31 | 51.54 | 411.34 | 462.88 | OK | |
r-devel-linux-x86_64-debian-gcc | 2023.08.31 | 41.38 | 301.42 | 342.80 | OK | |
r-devel-linux-x86_64-fedora-clang | 2023.08.31 | 547.65 | OK | |||
r-devel-linux-x86_64-fedora-gcc | 2023.08.31 | 562.68 | OK | |||
r-devel-windows-x86_64 | 2023.08.31 | 39.00 | 253.00 | 292.00 | OK | |
r-patched-linux-x86_64 | 2023.08.31 | 45.65 | 394.64 | 440.29 | OK | |
r-release-linux-x86_64 | 2023.08.31 | 41.69 | 389.94 | 431.63 | OK | |
r-release-macos-arm64 | 2023.08.31 | 133.00 | OK | |||
r-release-macos-x86_64 | 2023.08.31 | 281.00 | OK | |||
r-release-windows-x86_64 | 2023.08.31 | 56.00 | 337.00 | 393.00 | OK | |
r-oldrel-macos-arm64 | 2023.08.31 | 11.00 | ERROR | |||
r-oldrel-macos-x86_64 | 2023.08.31 | 12.00 | ERROR | |||
r-oldrel-windows-x86_64 | 2023.08.31 | 60.00 | 330.00 | 390.00 | OK |
Version: 2023.08.31
Check: package dependencies
Result: ERROR
Package required and available but unsuitable version: ‘stars’
See section ‘The DESCRIPTION file’ in the ‘Writing R Extensions’
manual.
Flavors: r-oldrel-macos-arm64, r-oldrel-macos-x86_64