Last updated on 2023-10-04 00:58:23 CEST.
Flavor | Version | Tinstall | Tcheck | Ttotal | Status | Flags |
---|---|---|---|---|---|---|
r-devel-linux-x86_64-debian-clang | 2.1 | 8.70 | 70.80 | 79.50 | NOTE | |
r-devel-linux-x86_64-debian-gcc | 2.1 | 6.74 | 56.08 | 62.82 | NOTE | |
r-devel-linux-x86_64-fedora-clang | 2.1 | 95.15 | NOTE | |||
r-devel-linux-x86_64-fedora-gcc | 2.1 | 98.05 | NOTE | |||
r-devel-windows-x86_64 | 2.1 | 8.00 | 71.00 | 79.00 | OK | |
r-patched-linux-x86_64 | 2.1 | 8.24 | 71.12 | 79.36 | NOTE | |
r-release-linux-x86_64 | 2.1 | 8.42 | 69.63 | 78.05 | NOTE | |
r-release-macos-arm64 | 2.1 | 32.00 | OK | |||
r-release-macos-x86_64 | 2.1 | 52.00 | OK | |||
r-release-windows-x86_64 | 2.1 | 9.00 | 80.00 | 89.00 | OK | |
r-oldrel-macos-arm64 | 2.1 | 31.00 | OK | |||
r-oldrel-macos-x86_64 | 2.1 | 43.00 | OK | |||
r-oldrel-windows-x86_64 | 2.1 | 9.00 | 82.00 | 91.00 | OK |
Version: 2.1
Check: for non-standard things in the check directory
Result: NOTE
Found the following files/directories:
‘checkdata.csv’ ‘gbmforest.sas’
Flavors: r-devel-linux-x86_64-debian-clang, r-devel-linux-x86_64-debian-gcc, r-devel-linux-x86_64-fedora-clang, r-devel-linux-x86_64-fedora-gcc, r-patched-linux-x86_64, r-release-linux-x86_64