Last updated on 2023-10-05 01:01:45 CEST.
Flavor | Version | Tinstall | Tcheck | Ttotal | Status | Flags |
---|---|---|---|---|---|---|
r-devel-linux-x86_64-debian-clang | 1.1.8 | 56.85 | 51.84 | 108.69 | OK | |
r-devel-linux-x86_64-debian-gcc | 1.1.8 | 39.34 | 40.75 | 80.09 | OK | |
r-devel-linux-x86_64-fedora-clang | 1.1.8 | 150.63 | NOTE | |||
r-devel-linux-x86_64-fedora-gcc | 1.1.8 | 153.18 | OK | |||
r-devel-windows-x86_64 | 1.1.8 | 44.00 | 78.00 | 122.00 | OK | |
r-patched-linux-x86_64 | 1.1.8 | 50.78 | 51.68 | 102.46 | OK | |
r-release-linux-x86_64 | 1.1.8 | 59.71 | 52.07 | 111.78 | OK | |
r-release-macos-arm64 | 1.1.8 | 37.00 | OK | |||
r-release-macos-x86_64 | 1.1.8 | 65.00 | OK | |||
r-release-windows-x86_64 | 1.1.8 | 61.00 | 90.00 | 151.00 | OK | |
r-oldrel-macos-arm64 | 1.1.8 | 39.00 | OK | |||
r-oldrel-macos-x86_64 | 1.1.8 | 50.00 | OK | |||
r-oldrel-windows-x86_64 | 1.1.8 | 53.00 | 90.00 | 143.00 | OK |
Version: 1.1.8
Check: Rd cross-references
Result: NOTE
Undeclared package ‘gcmr’ in Rd xrefs
Flavor: r-devel-linux-x86_64-fedora-clang