Last updated on 2023-06-05 00:55:23 CEST.
Flavor | Version | Tinstall | Tcheck | Ttotal | Status | Flags |
---|---|---|---|---|---|---|
r-devel-linux-x86_64-debian-clang | 0.6.4 | 454.76 | 160.92 | 615.68 | OK | |
r-devel-linux-x86_64-debian-gcc | 0.6.4 | 384.22 | 125.81 | 510.03 | OK | |
r-devel-linux-x86_64-fedora-clang | 0.6.4 | 799.80 | NOTE | |||
r-devel-linux-x86_64-fedora-gcc | 0.6.4 | 1019.04 | OK | |||
r-devel-windows-x86_64 | 0.6.4 | 278.00 | 708.00 | 986.00 | NOTE | |
r-patched-linux-x86_64 | 0.6.4 | 426.29 | 164.33 | 590.62 | OK | |
r-release-linux-x86_64 | 0.6.4 | 394.02 | 161.98 | 556.00 | OK | |
r-release-macos-arm64 | 0.6.4 | 296.00 | NOTE | |||
r-release-macos-x86_64 | 0.6.4 | 360.00 | NOTE | |||
r-release-windows-x86_64 | 0.6.4 | 322.00 | 854.00 | 1176.00 | NOTE | |
r-oldrel-macos-arm64 | 0.6.4 | 271.00 | NOTE | |||
r-oldrel-macos-x86_64 | 0.6.4 | 307.00 | NOTE | |||
r-oldrel-windows-x86_64 | 0.6.4 | 435.00 | 688.00 | 1123.00 | NOTE |
Version: 0.6.4
Check: installed package size
Result: NOTE
installed size is 7.0Mb
sub-directories of 1Mb or more:
L8NY18 2.3Mb
libs 3.5Mb
Flavors: r-devel-linux-x86_64-fedora-clang, r-devel-windows-x86_64, r-release-macos-arm64, r-release-macos-x86_64, r-release-windows-x86_64, r-oldrel-macos-arm64, r-oldrel-macos-x86_64, r-oldrel-windows-x86_64