CRAN Package Check Results for Package gdm

Last updated on 2024-06-21 00:57:11 CEST.

Flavor Version Tinstall Tcheck Ttotal Status Flags
r-devel-linux-x86_64-debian-clang 1.5.0-9.1 9.19 2.30 11.49 ERROR
r-devel-linux-x86_64-debian-gcc 1.5.0-9.1 38.16 269.78 307.94 NOTE
r-devel-linux-x86_64-fedora-clang 1.5.0-9.1 528.54 NOTE
r-devel-linux-x86_64-fedora-gcc 1.5.0-9.1 505.94 NOTE
r-devel-windows-x86_64 1.5.0-9.1 54.00 235.00 289.00 NOTE
r-patched-linux-x86_64 1.5.0-9.1 41.99 369.19 411.18 NOTE
r-release-linux-x86_64 1.5.0-9.1 43.77 362.82 406.59 NOTE
r-release-macos-arm64 1.5.0-9.1 112.00 NOTE
r-release-macos-x86_64 1.5.0-9.1 185.00 NOTE
r-release-windows-x86_64 1.5.0-9.1 54.00 257.00 311.00 NOTE
r-oldrel-macos-arm64 1.5.0-9.1 116.00 NOTE
r-oldrel-macos-x86_64 1.5.0-9.1 222.00 NOTE
r-oldrel-windows-x86_64 1.5.0-9.1 69.00 325.00 394.00 NOTE

Check Details

Version: 1.5.0-9.1
Check: whether package can be installed
Result: ERROR Installation failed. Flavor: r-devel-linux-x86_64-debian-clang

Version: 1.5.0-9.1
Check: C++ specification
Result: NOTE Specified C++11: please drop specification unless essential Flavors: r-devel-linux-x86_64-debian-gcc, r-devel-linux-x86_64-fedora-clang, r-devel-linux-x86_64-fedora-gcc, r-devel-windows-x86_64, r-patched-linux-x86_64, r-release-linux-x86_64, r-release-macos-arm64, r-release-macos-x86_64, r-release-windows-x86_64, r-oldrel-macos-arm64, r-oldrel-macos-x86_64, r-oldrel-windows-x86_64

Version: 1.5.0-9.1
Check: installed package size
Result: NOTE installed size is 5.1Mb sub-directories of 1Mb or more: extdata 3.0Mb Flavor: r-oldrel-windows-x86_64