CRAN Package Check Results for Package gdm

Last updated on 2021-10-16 00:49:15 CEST.

Flavor Version Tinstall Tcheck Ttotal Status Flags
r-devel-linux-x86_64-debian-clang 1.4.2.2 38.23 281.04 319.27 OK
r-devel-linux-x86_64-debian-gcc 1.4.2.2 30.42 208.95 239.37 OK
r-devel-linux-x86_64-fedora-clang 1.4.2.2 234.51 OK
r-devel-linux-x86_64-fedora-gcc 1.4.2.2 217.34 OK
r-devel-windows-x86_64 1.4.2.2 41.00 148.00 189.00 NOTE
r-devel-windows-x86_64-gcc10-UCRT 1.4.2.2 OK
r-patched-linux-x86_64 1.4.2.2 35.15 271.86 307.01 OK
r-patched-solaris-x86 1.4.2.2 295.70 OK
r-release-linux-x86_64 1.4.2.2 35.79 275.18 310.97 OK
r-release-macos-arm64 1.4.2.2 OK
r-release-macos-x86_64 1.4.2.2 OK
r-release-windows-ix86+x86_64 1.4.2.2 82.00 279.00 361.00 NOTE
r-oldrel-macos-x86_64 1.4.2.2 OK
r-oldrel-windows-ix86+x86_64 1.4.2.2 82.00 284.00 366.00 NOTE

Check Details

Version: 1.4.2.2
Check: installed package size
Result: NOTE
     installed size is 5.1Mb
     sub-directories of 1Mb or more:
     extdata 3.0Mb
Flavors: r-devel-windows-x86_64, r-release-windows-ix86+x86_64, r-oldrel-windows-ix86+x86_64