CRAN Package Check Results for Package gdpc

Last updated on 2024-06-13 00:55:14 CEST.

Flavor Version Tinstall Tcheck Ttotal Status Flags
r-devel-linux-x86_64-debian-clang 1.1.4 44.75 57.54 102.29 OK
r-devel-linux-x86_64-debian-gcc 1.1.4 29.09 43.85 72.94 ERROR
r-devel-linux-x86_64-fedora-clang 1.1.4 140.99 OK
r-devel-linux-x86_64-fedora-gcc 1.1.4 152.25 OK
r-devel-windows-x86_64 1.1.4 34.00 114.00 148.00 OK
r-patched-linux-x86_64 1.1.4 35.83 57.02 92.85 OK
r-release-linux-x86_64 1.1.4 37.08 58.03 95.11 OK
r-release-macos-arm64 1.1.4 49.00 OK
r-release-macos-x86_64 1.1.4 71.00 OK
r-release-windows-x86_64 1.1.4 36.00 115.00 151.00 OK
r-oldrel-macos-arm64 1.1.4 53.00 OK
r-oldrel-macos-x86_64 1.1.4 163.00 OK
r-oldrel-windows-x86_64 1.1.4 41.00 121.00 162.00 OK

Check Details

Version: 1.1.4
Check: package dependencies
Result: NOTE Package suggested but not available for checking: ‘testthat’ Flavor: r-devel-linux-x86_64-debian-gcc

Version: 1.1.4
Check: tests
Result: ERROR Running ‘testthat.R’ [0s/1s] Running the tests in ‘tests/testthat.R’ failed. Complete output: > library(testthat) Error in library(testthat) : there is no package called 'testthat' Execution halted Flavor: r-devel-linux-x86_64-debian-gcc