Last updated on 2023-06-02 01:00:26 CEST.
Flavor | Version | Tinstall | Tcheck | Ttotal | Status | Flags |
---|---|---|---|---|---|---|
r-devel-linux-x86_64-debian-clang | 0.3.3 | 56.86 | 45.74 | 102.60 | OK | |
r-devel-linux-x86_64-debian-gcc | 0.3.3 | 44.09 | 35.82 | 79.91 | OK | |
r-devel-linux-x86_64-fedora-clang | 0.3.3 | 153.38 | OK | |||
r-devel-linux-x86_64-fedora-gcc | 0.3.3 | 145.50 | OK | |||
r-devel-windows-x86_64 | 0.3.3 | 57.00 | 100.00 | 157.00 | OK | |
r-patched-linux-x86_64 | 0.3.3 | OK | ||||
r-release-linux-x86_64 | 0.3.3 | 34.94 | 44.57 | 79.51 | OK | |
r-release-macos-arm64 | 0.3.3 | 52.00 | NOTE | |||
r-release-macos-x86_64 | 0.3.3 | 75.00 | NOTE | |||
r-release-windows-x86_64 | 0.3.3 | 74.00 | 119.00 | 193.00 | OK | |
r-oldrel-macos-arm64 | 0.3.3 | 50.00 | OK | |||
r-oldrel-macos-x86_64 | 0.3.3 | 69.00 | NOTE | |||
r-oldrel-windows-x86_64 | 0.3.3 | 60.00 | 103.00 | 163.00 | OK |
Version: 0.3.3
Check: installed package size
Result: NOTE
installed size is 5.0Mb
sub-directories of 1Mb or more:
libs 4.8Mb
Flavors: r-release-macos-arm64, r-release-macos-x86_64, r-oldrel-macos-x86_64