Last updated on 2023-06-08 01:02:29 CEST.
Flavor | Version | Tinstall | Tcheck | Ttotal | Status | Flags |
---|---|---|---|---|---|---|
r-devel-linux-x86_64-debian-clang | 1.1.1 | 4.30 | 334.72 | 339.02 | OK | |
r-devel-linux-x86_64-debian-gcc | 1.1.1 | 4.17 | 247.47 | 251.64 | OK | |
r-devel-linux-x86_64-fedora-clang | 1.1.1 | 428.49 | NOTE | |||
r-devel-linux-x86_64-fedora-gcc | 1.1.1 | 402.27 | NOTE | |||
r-devel-windows-x86_64 | 1.1.1 | 6.00 | 243.00 | 249.00 | OK | |
r-patched-linux-x86_64 | 1.1.1 | 4.38 | 315.01 | 319.39 | OK | |
r-release-linux-x86_64 | 1.1.1 | 3.73 | 320.11 | 323.84 | OK | |
r-release-macos-arm64 | 1.1.1 | 116.00 | OK | |||
r-release-macos-x86_64 | 1.1.1 | 201.00 | OK | |||
r-release-windows-x86_64 | 1.1.1 | 8.00 | 317.00 | 325.00 | OK | |
r-oldrel-macos-arm64 | 1.1.1 | 86.00 | NOTE | |||
r-oldrel-macos-x86_64 | 1.1.1 | 124.00 | NOTE | |||
r-oldrel-windows-x86_64 | 1.1.1 | 9.00 | 331.00 | 340.00 | OK |
Version: 1.1.1
Check: dependencies in R code
Result: NOTE
Namespace in Imports field not imported from: ‘rootSolve’
All declared Imports should be used.
Flavors: r-devel-linux-x86_64-fedora-clang, r-devel-linux-x86_64-fedora-gcc, r-oldrel-macos-arm64, r-oldrel-macos-x86_64