Last updated on 2023-10-03 01:04:51 CEST.
Flavor | Version | Tinstall | Tcheck | Ttotal | Status | Flags |
---|---|---|---|---|---|---|
r-devel-linux-x86_64-debian-clang | 1.1.9 | 55.36 | 473.39 | 528.75 | OK | |
r-devel-linux-x86_64-debian-gcc | 1.1.9 | 47.97 | 360.76 | 408.73 | OK | |
r-devel-linux-x86_64-fedora-clang | 1.1.9 | 656.82 | OK | |||
r-devel-linux-x86_64-fedora-gcc | 1.1.9 | 677.13 | OK | |||
r-devel-windows-x86_64 | 1.1.9 | 51.00 | 349.00 | 400.00 | OK | |
r-patched-linux-x86_64 | 1.1.9 | 49.63 | 443.63 | 493.26 | OK | |
r-release-linux-x86_64 | 1.1.9 | 52.83 | 457.56 | 510.39 | OK | |
r-release-macos-arm64 | 1.1.9 | 109.00 | OK | |||
r-release-macos-x86_64 | 1.1.9 | 210.00 | NOTE | |||
r-release-windows-x86_64 | 1.1.9 | 68.00 | 461.00 | 529.00 | OK | |
r-oldrel-macos-arm64 | 1.1.9 | 106.00 | OK | |||
r-oldrel-macos-x86_64 | 1.1.9 | 218.00 | NOTE | |||
r-oldrel-windows-x86_64 | 1.1.9 | 66.00 | 441.00 | 507.00 | OK |
Version: 1.1.9
Check: package dependencies
Result: NOTE
Package suggested but not available for checking: ‘muscle’
Flavors: r-release-macos-x86_64, r-oldrel-macos-x86_64