CRAN Package Check Results for Package genetics

Last updated on 2023-12-10 00:55:45 CET.

Flavor Version Tinstall Tcheck Ttotal Status Flags
r-devel-linux-x86_64-debian-clang 1.3.8.1.3 5.94 65.18 71.12 NOTE
r-devel-linux-x86_64-debian-gcc 1.3.8.1.3 4.43 49.05 53.48 NOTE
r-devel-linux-x86_64-fedora-clang 1.3.8.1.3 90.47 NOTE
r-devel-linux-x86_64-fedora-gcc 1.3.8.1.3 87.25 OK
r-devel-windows-x86_64 1.3.8.1.3 5.00 70.00 75.00 OK
r-patched-linux-x86_64 1.3.8.1.3 5.94 63.73 69.67 OK
r-release-linux-x86_64 1.3.8.1.3 5.32 63.23 68.55 OK
r-release-macos-arm64 1.3.8.1.3 28.00 OK
r-release-macos-x86_64 1.3.8.1.3 50.00 OK
r-release-windows-x86_64 1.3.8.1.3 7.00 75.00 82.00 OK
r-oldrel-macos-arm64 1.3.8.1.3 28.00 OK
r-oldrel-macos-x86_64 1.3.8.1.3 42.00 OK
r-oldrel-windows-x86_64 1.3.8.1.3 8.00 82.00 90.00 OK

Check Details

Version: 1.3.8.1.3
Check: Rd files
Result: NOTE checkRd: (-1) LD.Rd:37-46: Lost braces in \itemize; meant \describe ? checkRd: (-1) LD.Rd:47-64: Lost braces in \itemize; meant \describe ? checkRd: (-1) LD.Rd:66-73: Lost braces in \itemize; meant \describe ? checkRd: (-1) LD.Rd:78-79: Lost braces in \itemize; meant \describe ? checkRd: (-1) LD.Rd:80-81: Lost braces in \itemize; meant \describe ? checkRd: (-1) LD.Rd:82-83: Lost braces in \itemize; meant \describe ? checkRd: (-1) LD.Rd:84-85: Lost braces in \itemize; meant \describe ? checkRd: (-1) LD.Rd:86-87: Lost braces in \itemize; meant \describe ? checkRd: (-1) diseq.Rd:48-58: Lost braces in \itemize; meant \describe ? checkRd: (-1) diseq.Rd:59-76: Lost braces in \itemize; meant \describe ? checkRd: (-1) diseq.Rd:78-87: Lost braces in \itemize; meant \describe ? checkRd: (-1) diseq.Rd:93-94: Lost braces in \itemize; meant \describe ? checkRd: (-1) diseq.Rd:95-96: Lost braces in \itemize; meant \describe ? checkRd: (-1) diseq.Rd:97-98: Lost braces in \itemize; meant \describe ? checkRd: (-1) diseq.Rd:124: Lost braces in \itemize; \value handles \item{}{} directly checkRd: (-1) diseq.Rd:125: Lost braces in \itemize; \value handles \item{}{} directly checkRd: (-1) diseq.Rd:126-128: Lost braces in \itemize; \value handles \item{}{} directly checkRd: (-1) diseq.Rd:129: Lost braces in \itemize; \value handles \item{}{} directly Flavors: r-devel-linux-x86_64-debian-clang, r-devel-linux-x86_64-debian-gcc

Version: 1.3.8.1.3
Check: Rd cross-references
Result: NOTE Undeclared package ‘bootstrap’ in Rd xrefs Flavor: r-devel-linux-x86_64-fedora-clang