Last updated on 2023-11-29 00:50:18 CET.
Flavor | Version | Tinstall | Tcheck | Ttotal | Status | Flags |
---|---|---|---|---|---|---|
r-devel-linux-x86_64-debian-clang | 1.1.2 | 38.22 | 57.33 | 95.55 | OK | |
r-devel-linux-x86_64-debian-gcc | 1.1.2 | 22.51 | 42.88 | 65.39 | OK | |
r-devel-linux-x86_64-fedora-clang | 1.1.2 | 138.42 | OK | |||
r-devel-linux-x86_64-fedora-gcc | 1.1.2 | 147.38 | OK | |||
r-devel-windows-x86_64 | 1.1.2 | 32.00 | 92.00 | 124.00 | OK | |
r-patched-linux-x86_64 | 1.1.2 | 22.60 | 54.53 | 77.13 | OK | |
r-release-linux-x86_64 | 1.1.2 | 22.41 | 54.74 | 77.15 | OK | |
r-release-macos-arm64 | 1.1.2 | 43.00 | NOTE | |||
r-release-macos-x86_64 | 1.1.2 | 73.00 | OK | |||
r-release-windows-x86_64 | 1.1.2 | 41.00 | 102.00 | 143.00 | OK | |
r-oldrel-macos-arm64 | 1.1.2 | 44.00 | OK | |||
r-oldrel-macos-x86_64 | 1.1.2 | 56.00 | OK | |||
r-oldrel-windows-x86_64 | 1.1.2 | 35.00 | 95.00 | 130.00 | OK |
Version: 1.1.2
Check: package dependencies
Result: NOTE
Package suggested but not available for checking: ‘snpStats’
Flavor: r-release-macos-arm64