CRAN Package Check Results for Package genius

Last updated on 2021-10-26 00:59:52 CEST.

Flavor Version Tinstall Tcheck Ttotal Status Flags
r-devel-linux-x86_64-debian-clang 2.2.3 8.53 79.85 88.38 OK
r-devel-linux-x86_64-debian-gcc 2.2.3 8.64 60.19 68.83 OK
r-devel-linux-x86_64-fedora-clang 2.2.3 119.86 OK
r-devel-linux-x86_64-fedora-gcc 2.2.3 107.56 OK
r-devel-windows-x86_64 2.2.3 16.00 103.00 119.00 WARN
r-devel-windows-x86_64-gcc10-UCRT 2.2.3 WARN
r-patched-linux-x86_64 2.2.3 9.42 75.44 84.86 OK
r-patched-solaris-x86 2.2.3 157.10 OK
r-release-linux-x86_64 2.2.3 8.56 75.55 84.11 OK
r-release-macos-arm64 2.2.3 OK
r-release-macos-x86_64 2.2.3 OK
r-release-windows-ix86+x86_64 2.2.3 17.00 88.00 105.00 OK
r-oldrel-macos-x86_64 2.2.3 OK
r-oldrel-windows-ix86+x86_64 2.2.3 24.00 102.00 126.00 WARN

Check Details

Version: 2.2.3
Check: R files for syntax errors
Result: WARN
    Warnings in file 'R/utils.R':
     unable to translate '<U+00E9>' to native encoding
     unable to translate '<U+00F6>' to native encoding
     unable to translate '<U+00F8>' to native encoding
     unable to translate '<U+2019>' to native encoding
Flavors: r-devel-windows-x86_64, r-devel-windows-x86_64-gcc10-UCRT, r-oldrel-windows-ix86+x86_64