Last updated on 2023-09-23 00:53:53 CEST.
Flavor | Version | Tinstall | Tcheck | Ttotal | Status | Flags |
---|---|---|---|---|---|---|
r-devel-linux-x86_64-debian-clang | 0.3.4 | 162.78 | 581.86 | 744.64 | OK | |
r-devel-linux-x86_64-debian-gcc | 0.3.4 | 112.90 | 418.09 | 530.99 | OK | |
r-devel-linux-x86_64-fedora-clang | 0.3.4 | 903.13 | NOTE | |||
r-devel-linux-x86_64-fedora-gcc | 0.3.4 | 919.27 | OK | |||
r-devel-windows-x86_64 | 0.3.4 | 118.00 | 443.00 | 561.00 | NOTE | |
r-patched-linux-x86_64 | 0.3.4 | 138.28 | 534.53 | 672.81 | OK | |
r-release-linux-x86_64 | 0.3.4 | 121.94 | 545.15 | 667.09 | OK | |
r-release-macos-arm64 | 0.3.4 | 357.00 | NOTE | |||
r-release-macos-x86_64 | 0.3.4 | 472.00 | NOTE | |||
r-release-windows-x86_64 | 0.3.4 | 157.00 | 565.00 | 722.00 | NOTE | |
r-oldrel-macos-arm64 | 0.3.4 | 293.00 | NOTE | |||
r-oldrel-macos-x86_64 | 0.3.4 | 318.00 | NOTE | |||
r-oldrel-windows-x86_64 | 0.3.4 | 158.00 | 556.00 | 714.00 | NOTE |
Version: 0.3.4
Check: installed package size
Result: NOTE
installed size is 5.8Mb
sub-directories of 1Mb or more:
extdata 3.0Mb
Flavors: r-devel-linux-x86_64-fedora-clang, r-devel-windows-x86_64, r-release-macos-arm64, r-release-macos-x86_64, r-release-windows-x86_64, r-oldrel-macos-arm64, r-oldrel-macos-x86_64, r-oldrel-windows-x86_64