Last updated on 2023-09-24 23:59:50 CEST.
Flavor | Version | Tinstall | Tcheck | Ttotal | Status | Flags |
---|---|---|---|---|---|---|
r-devel-linux-x86_64-debian-clang | 0.2.0 | 9.79 | 340.61 | 350.40 | OK | |
r-devel-linux-x86_64-debian-gcc | 0.2.0 | 7.12 | 245.68 | 252.80 | OK | |
r-devel-linux-x86_64-fedora-clang | 0.2.0 | 411.02 | NOTE | |||
r-devel-linux-x86_64-fedora-gcc | 0.2.0 | 411.52 | NOTE | |||
r-devel-windows-x86_64 | 0.2.0 | 12.00 | 227.00 | 239.00 | OK | |
r-patched-linux-x86_64 | 0.2.0 | 10.22 | 280.18 | 290.40 | OK | |
r-release-linux-x86_64 | 0.2.0 | 8.25 | 325.38 | 333.63 | OK | |
r-release-macos-arm64 | 0.2.0 | 101.00 | OK | |||
r-release-macos-x86_64 | 0.2.0 | 188.00 | OK | |||
r-release-windows-x86_64 | 0.2.0 | 15.00 | 309.00 | 324.00 | OK | |
r-oldrel-macos-arm64 | 0.2.0 | 99.00 | NOTE | |||
r-oldrel-macos-x86_64 | 0.2.0 | 194.00 | NOTE | |||
r-oldrel-windows-x86_64 | 0.2.0 | 14.00 | 298.00 | 312.00 | OK |
Version: 0.2.0
Check: dependencies in R code
Result: NOTE
Namespace in Imports field not imported from: ‘sf’
All declared Imports should be used.
Flavors: r-devel-linux-x86_64-fedora-clang, r-devel-linux-x86_64-fedora-gcc, r-oldrel-macos-arm64, r-oldrel-macos-x86_64
Version: 0.2.0
Check: data for non-ASCII characters
Result: NOTE
Note: found 646 marked UTF-8 strings
Flavors: r-devel-linux-x86_64-fedora-clang, r-devel-linux-x86_64-fedora-gcc, r-oldrel-macos-arm64, r-oldrel-macos-x86_64