CRAN Package Check Results for Package geogrid

Last updated on 2021-10-26 00:59:52 CEST.

Flavor Version Tinstall Tcheck Ttotal Status Flags
r-devel-linux-x86_64-debian-clang 0.1.1 25.84 86.88 112.72 NOTE
r-devel-linux-x86_64-debian-gcc 0.1.1 23.24 65.30 88.54 NOTE
r-devel-linux-x86_64-fedora-clang 0.1.1 164.42 NOTE
r-devel-linux-x86_64-fedora-gcc 0.1.1 148.56 NOTE
r-devel-windows-x86_64 0.1.1 45.00 118.00 163.00 NOTE
r-devel-windows-x86_64-gcc10-UCRT 0.1.1 NOTE
r-patched-linux-x86_64 0.1.1 24.76 84.65 109.41 NOTE
r-patched-solaris-x86 0.1.1 195.30 NOTE
r-release-linux-x86_64 0.1.1 26.72 84.69 111.41 NOTE
r-release-macos-arm64 0.1.1 NOTE
r-release-macos-x86_64 0.1.1 NOTE
r-release-windows-ix86+x86_64 0.1.1 57.00 168.00 225.00 NOTE
r-oldrel-macos-x86_64 0.1.1 OK
r-oldrel-windows-ix86+x86_64 0.1.1 83.00 170.00 253.00 NOTE

Check Details

Version: 0.1.1
Check: LazyData
Result: NOTE
     'LazyData' is specified without a 'data' directory
Flavors: r-devel-linux-x86_64-debian-clang, r-devel-linux-x86_64-debian-gcc, r-devel-linux-x86_64-fedora-clang, r-devel-linux-x86_64-fedora-gcc, r-devel-windows-x86_64, r-devel-windows-x86_64-gcc10-UCRT, r-patched-linux-x86_64, r-patched-solaris-x86, r-release-linux-x86_64, r-release-macos-arm64, r-release-macos-x86_64, r-release-windows-ix86+x86_64

Version: 0.1.1
Check: installed package size
Result: NOTE
     installed size is 5.2Mb
     sub-directories of 1Mb or more:
     extdata 3.1Mb
     libs 2.0Mb
Flavors: r-release-windows-ix86+x86_64, r-oldrel-windows-ix86+x86_64