CRAN Package Check Results for Package geojsonsf

Last updated on 2021-10-18 00:48:14 CEST.

Flavor Version Tinstall Tcheck Ttotal Status Flags
r-devel-linux-x86_64-debian-clang 2.0.1 83.17 32.39 115.56 OK
r-devel-linux-x86_64-debian-gcc 2.0.1 67.62 25.49 93.11 OK
r-devel-linux-x86_64-fedora-clang 2.0.1 193.66 NOTE
r-devel-linux-x86_64-fedora-gcc 2.0.1 169.43 OK
r-devel-windows-x86_64 2.0.1 105.00 66.00 171.00 OK
r-devel-windows-x86_64-gcc10-UCRT 2.0.1 OK
r-patched-linux-x86_64 2.0.1 81.58 31.22 112.80 OK
r-patched-solaris-x86 2.0.1 141.90 OK
r-release-linux-x86_64 2.0.1 81.54 31.29 112.83 OK
r-release-macos-arm64 2.0.1 NOTE
r-release-macos-x86_64 2.0.1 NOTE
r-release-windows-ix86+x86_64 2.0.1 155.00 80.00 235.00 OK
r-oldrel-macos-x86_64 2.0.1 NOTE
r-oldrel-windows-ix86+x86_64 2.0.1 214.00 88.00 302.00 OK

Check Details

Version: 2.0.1
Check: installed package size
Result: NOTE
     installed size is 7.9Mb
     sub-directories of 1Mb or more:
     help 1.3Mb
     libs 5.7Mb
Flavors: r-devel-linux-x86_64-fedora-clang, r-release-macos-arm64, r-release-macos-x86_64, r-oldrel-macos-x86_64