CRAN Package Check Results for Package geomaroc

Last updated on 2024-04-22 00:53:16 CEST.

Flavor Version Tinstall Tcheck Ttotal Status Flags
r-devel-linux-x86_64-debian-clang 0.1.1 2.66 28.99 31.65 NOTE
r-devel-linux-x86_64-debian-gcc 0.1.1 1.97 22.03 24.00 NOTE
r-devel-linux-x86_64-fedora-clang 0.1.1 41.23 NOTE
r-devel-linux-x86_64-fedora-gcc 0.1.1 54.39 NOTE
r-prerel-macos-arm64 0.1.1 23.00 NOTE
r-prerel-windows-x86_64 0.1.1 3.00 44.00 47.00 NOTE
r-patched-linux-x86_64 0.1.1 2.47 27.94 30.41 NOTE
r-release-linux-x86_64 0.1.1 2.54 25.50 28.04 NOTE
r-release-macos-arm64 0.1.1 22.00 NOTE
r-release-macos-x86_64 0.1.1 31.00 NOTE
r-release-windows-x86_64 0.1.1 4.00 45.00 49.00 NOTE
r-oldrel-macos-arm64 0.1.1 18.00 NOTE
r-oldrel-windows-x86_64 0.1.1 5.00 49.00 54.00 NOTE

Check Details

Version: 0.1.1
Check: package dependencies
Result: NOTE Package suggested but not available for checking: ‘geomarocdata’ Flavors: r-devel-linux-x86_64-debian-clang, r-devel-linux-x86_64-debian-gcc, r-devel-linux-x86_64-fedora-clang, r-devel-linux-x86_64-fedora-gcc, r-prerel-macos-arm64, r-prerel-windows-x86_64, r-patched-linux-x86_64, r-release-linux-x86_64, r-release-macos-arm64, r-release-macos-x86_64, r-release-windows-x86_64, r-oldrel-macos-arm64, r-oldrel-windows-x86_64