CRAN Package Check Results for Package geonetwork

Last updated on 2021-10-23 00:48:54 CEST.

Flavor Version Tinstall Tcheck Ttotal Status Flags
r-devel-linux-x86_64-debian-clang 0.4.1 5.06 74.48 79.54 OK
r-devel-linux-x86_64-debian-gcc 0.4.1 4.13 56.49 60.62 OK
r-devel-linux-x86_64-fedora-clang 0.4.1 105.03 NOTE
r-devel-linux-x86_64-fedora-gcc 0.4.1 92.61 OK
r-devel-windows-x86_64 0.4.1 10.00 98.00 108.00 OK
r-devel-windows-x86_64-gcc10-UCRT 0.4.1 ERROR
r-patched-linux-x86_64 0.4.1 7.53 70.05 77.58 OK
r-patched-solaris-x86 0.4.1 146.00 OK
r-release-linux-x86_64 0.4.1 5.18 69.46 74.64 OK
r-release-macos-arm64 0.4.1 OK
r-release-macos-x86_64 0.4.1 OK
r-release-windows-ix86+x86_64 0.4.1 12.00 80.00 92.00 OK
r-oldrel-macos-x86_64 0.4.1 OK
r-oldrel-windows-ix86+x86_64 0.4.1 18.00 85.00 103.00 OK

Check Details

Version: 0.4.1
Check: Rd cross-references
Result: NOTE
    Undeclared package ‘ggmap’ in Rd xrefs
Flavor: r-devel-linux-x86_64-fedora-clang

Version: 0.4.1
Check: package dependencies
Result: ERROR
    Package required but not available: 'igraph'
    
    See section 'The DESCRIPTION file' in the 'Writing R Extensions'
    manual.
Flavor: r-devel-windows-x86_64-gcc10-UCRT