CRAN Package Check Results for Package geozoo

Last updated on 2024-06-14 00:53:43 CEST.

Flavor Version Tinstall Tcheck Ttotal Status Flags
r-devel-linux-x86_64-debian-clang 0.5.1 3.56 135.15 138.71 OK
r-devel-linux-x86_64-debian-gcc 0.5.1 2.42 21.41 23.83 ERROR
r-devel-linux-x86_64-fedora-clang 0.5.1 199.06 OK
r-devel-linux-x86_64-fedora-gcc 0.5.1 189.55 OK
r-devel-windows-x86_64 0.5.1 4.00 132.00 136.00 OK
r-patched-linux-x86_64 0.5.1 3.08 131.42 134.50 OK
r-release-linux-x86_64 0.5.1 2.70 129.44 132.14 OK
r-release-macos-arm64 0.5.1 65.00 OK
r-release-macos-x86_64 0.5.1 125.00 OK
r-release-windows-x86_64 0.5.1 4.00 130.00 134.00 OK
r-oldrel-macos-arm64 0.5.1 74.00 OK
r-oldrel-macos-x86_64 0.5.1 145.00 OK
r-oldrel-windows-x86_64 0.5.1 3.00 159.00 162.00 OK

Check Details

Version: 0.5.1
Check: package dependencies
Result: NOTE Packages suggested but not available for checking: 'tourr', 'roxygen2', 'testthat' Flavor: r-devel-linux-x86_64-debian-gcc

Version: 0.5.1
Check: tests
Result: ERROR Running ‘testthat.R’ [0s/1s] Running the tests in ‘tests/testthat.R’ failed. Complete output: > library(testthat) Error in library(testthat) : there is no package called 'testthat' Execution halted Flavor: r-devel-linux-x86_64-debian-gcc