CRAN Package Check Results for Package gert

Last updated on 2021-11-29 00:48:29 CET.

Flavor Version Tinstall Tcheck Ttotal Status Flags
r-devel-linux-x86_64-debian-clang 1.4.3 OK
r-devel-linux-x86_64-debian-gcc 1.4.3 5.81 27.81 33.62 OK
r-devel-linux-x86_64-fedora-clang 1.4.3 64.66 OK
r-devel-linux-x86_64-fedora-gcc 1.4.3 52.77 OK
r-devel-windows-x86_64-new-UL 1.4.3 32.00 140.00 172.00 OK
r-devel-windows-x86_64-new-TK 1.4.3 OK
r-devel-windows-x86_64-old 1.4.3 16.00 82.00 98.00 OK
r-patched-linux-x86_64 1.4.3 7.86 33.45 41.31 OK
r-patched-solaris-x86 1.4.3 69.40 OK
r-release-linux-x86_64 1.4.3 7.51 33.80 41.31 OK
r-release-macos-arm64 1.4.3 OK
r-release-macos-x86_64 1.4.3 OK
r-release-windows-ix86+x86_64 1.4.3 32.00 92.00 124.00 NOTE
r-oldrel-macos-x86_64 1.4.3 OK
r-oldrel-windows-ix86+x86_64 1.4.3 33.00 128.00 161.00 NOTE

Check Details

Version: 1.4.3
Check: installed package size
Result: NOTE
     installed size is 7.6Mb
     sub-directories of 1Mb or more:
     libs 7.4Mb
Flavors: r-release-windows-ix86+x86_64, r-oldrel-windows-ix86+x86_64