CRAN Package Check Results for Package gesisdata

Last updated on 2024-06-14 00:53:43 CEST.

Flavor Version Tinstall Tcheck Ttotal Status Flags
r-devel-linux-x86_64-debian-clang 0.1.2 5.53 50.84 56.37 OK
r-devel-linux-x86_64-debian-gcc 0.1.2 0.37 1.81 2.18 ERROR
r-devel-linux-x86_64-fedora-clang 0.1.2 79.42 OK
r-devel-linux-x86_64-fedora-gcc 0.1.2 87.99 OK
r-devel-windows-x86_64 0.1.2 6.00 57.00 63.00 OK
r-patched-linux-x86_64 0.1.2 4.45 49.54 53.99 OK
r-release-linux-x86_64 0.1.2 3.82 49.45 53.27 OK
r-release-macos-arm64 0.1.2 28.00 OK
r-release-macos-x86_64 0.1.2 46.00 OK
r-release-windows-x86_64 0.1.2 6.00 58.00 64.00 OK
r-oldrel-macos-arm64 0.1.2 32.00 OK
r-oldrel-macos-x86_64 0.1.2 67.00 OK
r-oldrel-windows-x86_64 0.1.2 9.00 64.00 73.00 OK

Check Details

Version: 0.1.2
Check: package dependencies
Result: ERROR Packages required but not available: 'dplyr', 'rio', 'stringr' See section ‘The DESCRIPTION file’ in the ‘Writing R Extensions’ manual. Flavor: r-devel-linux-x86_64-debian-gcc