Last updated on 2023-10-03 01:04:52 CEST.
Flavor | Version | Tinstall | Tcheck | Ttotal | Status | Flags |
---|---|---|---|---|---|---|
r-devel-linux-x86_64-debian-clang | 0.2.0 | 8.41 | 93.81 | 102.22 | OK | |
r-devel-linux-x86_64-debian-gcc | 0.2.0 | 6.13 | 69.25 | 75.38 | OK | |
r-devel-linux-x86_64-fedora-clang | 0.2.0 | 121.98 | NOTE | |||
r-devel-linux-x86_64-fedora-gcc | 0.2.0 | 129.06 | NOTE | |||
r-devel-windows-x86_64 | 0.2.0 | 8.00 | 87.00 | 95.00 | OK | |
r-patched-linux-x86_64 | 0.2.0 | 5.32 | 86.47 | 91.79 | OK | |
r-release-linux-x86_64 | 0.2.0 | 7.26 | 88.12 | 95.38 | OK | |
r-release-macos-arm64 | 0.2.0 | 49.00 | OK | |||
r-release-macos-x86_64 | 0.2.0 | 71.00 | OK | |||
r-release-windows-x86_64 | 0.2.0 | 10.00 | 108.00 | 118.00 | OK | |
r-oldrel-macos-arm64 | 0.2.0 | 34.00 | NOTE | |||
r-oldrel-macos-x86_64 | 0.2.0 | 73.00 | NOTE | |||
r-oldrel-windows-x86_64 | 0.2.0 | 11.00 | 105.00 | 116.00 | OK |
Version: 0.2.0
Check: dependencies in R code
Result: NOTE
Namespaces in Imports field not imported from:
‘pipeR’ ‘rlang’
All declared Imports should be used.
Flavors: r-devel-linux-x86_64-fedora-clang, r-devel-linux-x86_64-fedora-gcc, r-oldrel-macos-arm64, r-oldrel-macos-x86_64