CRAN Package Check Results for Package getLattes

Last updated on 2024-07-18 00:54:54 CEST.

Flavor Version Tinstall Tcheck Ttotal Status Flags
r-devel-linux-x86_64-debian-clang 0.2.0 7.78 95.04 102.82 OK
r-devel-linux-x86_64-debian-gcc 0.2.0 6.02 70.37 76.39 OK
r-devel-linux-x86_64-fedora-clang 0.2.0 128.54 NOTE
r-devel-linux-x86_64-fedora-gcc 0.2.0 130.54 NOTE
r-devel-windows-x86_64 0.2.0 9.00 92.00 101.00 OK
r-patched-linux-x86_64 0.2.0 7.12 90.80 97.92 OK
r-release-linux-x86_64 0.2.0 4.87 89.87 94.74 OK
r-release-macos-arm64 0.2.0 47.00 OK
r-release-macos-x86_64 0.2.0 69.00 OK
r-release-windows-x86_64 0.2.0 9.00 91.00 100.00 OK
r-oldrel-macos-arm64 0.2.0 49.00 OK
r-oldrel-macos-x86_64 0.2.0 71.00 OK
r-oldrel-windows-x86_64 0.2.0 8.00 106.00 114.00 OK

Check Details

Version: 0.2.0
Check: dependencies in R code
Result: NOTE Namespaces in Imports field not imported from: ‘pipeR’ ‘rlang’ All declared Imports should be used. Flavors: r-devel-linux-x86_64-fedora-clang, r-devel-linux-x86_64-fedora-gcc