CRAN Package Check Results for Package getLattes

Last updated on 2021-10-26 00:59:52 CEST.

Flavor Version Tinstall Tcheck Ttotal Status Flags
r-devel-linux-x86_64-debian-clang 0.2.0 6.24 79.48 85.72 OK
r-devel-linux-x86_64-debian-gcc 0.2.0 5.17 60.46 65.63 OK
r-devel-linux-x86_64-fedora-clang 0.2.0 112.30 NOTE
r-devel-linux-x86_64-fedora-gcc 0.2.0 101.15 NOTE
r-devel-windows-x86_64 0.2.0 11.00 113.00 124.00 OK
r-devel-windows-x86_64-gcc10-UCRT 0.2.0 NOTE
r-patched-linux-x86_64 0.2.0 5.71 75.59 81.30 OK
r-patched-solaris-x86 0.2.0 163.50 NOTE
r-release-linux-x86_64 0.2.0 5.08 75.47 80.55 OK
r-release-macos-arm64 0.2.0 NOTE
r-release-macos-x86_64 0.2.0 NOTE
r-release-windows-ix86+x86_64 0.2.0 10.00 107.00 117.00 OK

Check Details

Version: 0.2.0
Check: dependencies in R code
Result: NOTE
    Namespaces in Imports field not imported from:
     ‘pipeR’ ‘rlang’
     All declared Imports should be used.
Flavors: r-devel-linux-x86_64-fedora-clang, r-devel-linux-x86_64-fedora-gcc, r-devel-windows-x86_64-gcc10-UCRT, r-patched-solaris-x86, r-release-macos-arm64, r-release-macos-x86_64