CRAN Package Check Results for Package getMet

Last updated on 2021-12-08 00:49:19 CET.

Flavor Version Tinstall Tcheck Ttotal Status Flags
r-devel-linux-x86_64-debian-clang 0.3.2 3.76 38.99 42.75 NOTE
r-devel-linux-x86_64-debian-gcc 0.3.2 2.22 30.90 33.12 NOTE
r-devel-linux-x86_64-fedora-clang 0.3.2 54.63 NOTE
r-devel-linux-x86_64-fedora-gcc 0.3.2 42.60 NOTE
r-devel-windows-x86_64-new-UL 0.3.2 8.00 67.00 75.00 NOTE
r-devel-windows-x86_64-new-TK 0.3.2 NOTE
r-devel-windows-x86_64-old 0.3.2 8.00 54.00 62.00 NOTE
r-patched-linux-x86_64 0.3.2 3.54 38.39 41.93 NOTE
r-release-linux-x86_64 0.3.2 3.74 38.47 42.21 NOTE
r-release-macos-arm64 0.3.2 NOTE
r-release-macos-x86_64 0.3.2 NOTE
r-release-windows-ix86+x86_64 0.3.2 7.00 47.00 54.00 NOTE
r-oldrel-macos-x86_64 0.3.2 OK
r-oldrel-windows-ix86+x86_64 0.3.2 8.00 48.00 56.00 OK

Check Details

Version: 0.3.2
Check: LazyData
Result: NOTE
     'LazyData' is specified without a 'data' directory
Flavors: r-devel-linux-x86_64-debian-clang, r-devel-linux-x86_64-debian-gcc, r-devel-linux-x86_64-fedora-clang, r-devel-linux-x86_64-fedora-gcc, r-devel-windows-x86_64-new-UL, r-devel-windows-x86_64-new-TK, r-devel-windows-x86_64-old, r-patched-linux-x86_64, r-release-linux-x86_64, r-release-macos-arm64, r-release-macos-x86_64, r-release-windows-ix86+x86_64