CRAN Package Check Results for Package getspanel

Last updated on 2023-05-30 00:59:45 CEST.

Flavor Version Tinstall Tcheck Ttotal Status Flags
r-devel-linux-x86_64-debian-clang 0.1.4 7.36 742.35 749.71 OK
r-devel-linux-x86_64-debian-gcc 0.1.4 5.24 1122.48 1127.72 OK
r-devel-linux-x86_64-fedora-clang 0.1.4 1063.15 OK
r-devel-linux-x86_64-fedora-gcc 0.1.4 1234.60 OK
r-devel-windows-x86_64 0.1.4 9.00 549.00 558.00 OK
r-patched-linux-x86_64 0.1.4 5.40 743.95 749.35 OK
r-release-linux-x86_64 0.1.4 7.10 752.84 759.94 OK
r-release-macos-arm64 0.1.4 282.00 OK
r-release-macos-x86_64 0.1.3 240.00 NOTE
r-release-windows-x86_64 0.1.4 10.00 641.00 651.00 OK
r-oldrel-macos-arm64 0.1.4 279.00 OK
r-oldrel-macos-x86_64 0.1.4 356.00 OK
r-oldrel-windows-x86_64 0.1.4 11.00 650.00 661.00 OK

Check Details

Version: 0.1.3
Check: package dependencies
Result: NOTE
    Package suggested but not available for checking: ‘plm’
Flavor: r-release-macos-x86_64