Last updated on 2023-05-30 00:59:45 CEST.
Flavor | Version | Tinstall | Tcheck | Ttotal | Status | Flags |
---|---|---|---|---|---|---|
r-devel-linux-x86_64-debian-clang | 2.0.5 | 108.89 | 256.62 | 365.51 | NOTE | |
r-devel-linux-x86_64-debian-gcc | 2.0.5 | 85.93 | 179.72 | 265.65 | NOTE | |
r-devel-linux-x86_64-fedora-clang | 2.0.5 | 445.20 | NOTE | |||
r-devel-linux-x86_64-fedora-gcc | 2.0.5 | 472.29 | NOTE | |||
r-devel-windows-x86_64 | 2.0.5 | 73.00 | 226.00 | 299.00 | NOTE | |
r-patched-linux-x86_64 | 2.0.5 | 87.43 | 231.99 | 319.42 | NOTE | |
r-release-linux-x86_64 | 2.0.5 | 69.69 | 234.34 | 304.03 | NOTE | |
r-release-macos-arm64 | 2.0.5 | 164.00 | NOTE | |||
r-release-macos-x86_64 | 2.0.5 | 244.00 | NOTE | |||
r-release-windows-x86_64 | 2.0.5 | 95.00 | 273.00 | 368.00 | NOTE | |
r-oldrel-macos-arm64 | 2.0.5 | 149.00 | NOTE | |||
r-oldrel-macos-x86_64 | 2.0.5 | 190.00 | NOTE | |||
r-oldrel-windows-x86_64 | 2.0.5 | 90.00 | 260.00 | 350.00 | OK |
Version: 2.0.5
Check: C++ specification
Result: NOTE
Specified C++11: please drop specification unless essential
Flavors: r-devel-linux-x86_64-debian-clang, r-devel-linux-x86_64-debian-gcc, r-devel-linux-x86_64-fedora-clang, r-devel-linux-x86_64-fedora-gcc, r-devel-windows-x86_64, r-patched-linux-x86_64, r-release-linux-x86_64, r-release-macos-arm64, r-release-macos-x86_64, r-release-windows-x86_64
Version: 2.0.5
Check: installed package size
Result: NOTE
installed size is 35.0Mb
sub-directories of 1Mb or more:
libs 34.5Mb
Flavors: r-release-macos-arm64, r-release-macos-x86_64, r-oldrel-macos-arm64, r-oldrel-macos-x86_64