CRAN Package Check Results for Package ggESDA

Last updated on 2024-06-14 00:53:43 CEST.

Flavor Version Tinstall Tcheck Ttotal Status Flags
r-devel-linux-x86_64-debian-clang 0.2.0 28.15 267.10 295.25 OK
r-devel-linux-x86_64-debian-gcc 0.2.0 0.54 1.95 2.49 ERROR
r-devel-linux-x86_64-fedora-clang 0.2.0 365.61 OK
r-devel-linux-x86_64-fedora-gcc 0.2.0 357.46 OK
r-devel-windows-x86_64 0.2.0 25.00 193.00 218.00 OK
r-patched-linux-x86_64 0.2.0 20.02 248.77 268.79 OK
r-release-linux-x86_64 0.2.0 24.68 249.42 274.10 OK
r-release-macos-arm64 0.2.0 100.00 OK
r-release-macos-x86_64 0.2.0 148.00 OK
r-release-windows-x86_64 0.2.0 24.00 193.00 217.00 OK
r-oldrel-macos-arm64 0.2.0 72.00 ERROR
r-oldrel-macos-x86_64 0.2.0 173.00 ERROR
r-oldrel-windows-x86_64 0.2.0 31.00 248.00 279.00 OK

Check Details

Version: 0.2.0
Check: package dependencies
Result: ERROR Packages required but not available: 'ggplot2', 'tidyverse', 'RSDA', 'dplyr', 'tidyr', 'stringr', 'ggforce', 'ggpubr', 'ggthemes', 'tibble', 'vctrs' Package suggested but not available for checking: ‘testthat’ See section ‘The DESCRIPTION file’ in the ‘Writing R Extensions’ manual. Flavor: r-devel-linux-x86_64-debian-gcc

Version: 0.2.0
Check: examples
Result: ERROR Running examples in ‘ggESDA-Ex.R’ failed The error most likely occurred in: > ### Name: Cardiological > ### Title: Cardiological data example > ### Aliases: Cardiological > ### Keywords: datasets > > ### ** Examples > > data(Cardiological) > ggInterval_index(Cardiological, aes(x = Syst)) Error in get(x, envir = ns, inherits = FALSE) : object 'tbl_subset_col' not found Calls: ggInterval_index ... as.data.frame -> [ -> [.symbolic_tbl -> getFromNamespace -> get Execution halted Flavors: r-oldrel-macos-arm64, r-oldrel-macos-x86_64

Version: 0.2.0
Check: re-building of vignette outputs
Result: ERROR Error(s) in re-building vignettes: ... --- re-building ‘ggESDA.Rmd’ using rmarkdown Quitting from lines 47-57 (ggESDA.Rmd) Error: processing vignette 'ggESDA.Rmd' failed with diagnostics: object 'tbl_subset_col' not found --- failed re-building ‘ggESDA.Rmd’ SUMMARY: processing the following file failed: ‘ggESDA.Rmd’ Error: Vignette re-building failed. Execution halted Flavor: r-oldrel-macos-arm64

Version: 0.2.0
Check: re-building of vignette outputs
Result: ERROR Error(s) in re-building vignettes: ... --- re-building ‘ggESDA.Rmd’ using rmarkdown Pandoc is required to build R Markdown vignettes but not available. Please make sure it is installed. Quitting from lines 47-57 (ggESDA.Rmd) Error: processing vignette 'ggESDA.Rmd' failed with diagnostics: object 'tbl_subset_col' not found --- failed re-building ‘ggESDA.Rmd’ SUMMARY: processing the following file failed: ‘ggESDA.Rmd’ Error: Vignette re-building failed. Execution halted Flavor: r-oldrel-macos-x86_64