CRAN Package Check Results for Package ggPMX

Last updated on 2024-06-16 00:58:21 CEST.

Flavor Version Tinstall Tcheck Ttotal Status Flags
r-devel-linux-x86_64-debian-clang 1.2.11 19.20 247.76 266.96 NOTE
r-devel-linux-x86_64-debian-gcc 1.2.11 13.87 191.91 205.78 NOTE
r-devel-linux-x86_64-fedora-clang 1.2.11 369.23 NOTE
r-devel-linux-x86_64-fedora-gcc 1.2.11 331.54 NOTE
r-devel-windows-x86_64 1.2.11 16.00 303.00 319.00 NOTE
r-patched-linux-x86_64 1.2.11 23.53 244.22 267.75 NOTE
r-release-linux-x86_64 1.2.11 19.68 242.81 262.49 NOTE
r-release-macos-arm64 1.2.11 89.00 NOTE
r-release-macos-x86_64 1.2.11 138.00 NOTE
r-release-windows-x86_64 1.2.11 18.00 301.00 319.00 NOTE
r-oldrel-macos-arm64 1.2.11 90.00 NOTE
r-oldrel-macos-x86_64 1.2.11 175.00 NOTE
r-oldrel-windows-x86_64 1.2.11 23.00 318.00 341.00 NOTE

Check Details

Version: 1.2.11
Check: package dependencies
Result: NOTE Package suggested but not available for checking: ‘lixoftConnectors’ Flavors: r-devel-linux-x86_64-debian-clang, r-devel-linux-x86_64-debian-gcc, r-devel-linux-x86_64-fedora-clang, r-devel-linux-x86_64-fedora-gcc, r-devel-windows-x86_64, r-patched-linux-x86_64, r-release-linux-x86_64, r-release-macos-arm64, r-release-macos-x86_64, r-release-windows-x86_64, r-oldrel-macos-arm64, r-oldrel-macos-x86_64, r-oldrel-windows-x86_64

Version: 1.2.11
Check: installed package size
Result: NOTE installed size is 9.0Mb sub-directories of 1Mb or more: doc 1.1Mb help 2.4Mb testdata 4.8Mb Flavors: r-devel-linux-x86_64-fedora-clang, r-devel-windows-x86_64, r-release-macos-arm64, r-release-macos-x86_64, r-release-windows-x86_64, r-oldrel-macos-arm64, r-oldrel-macos-x86_64, r-oldrel-windows-x86_64