CRAN Package Check Results for Package ggQQunif

Last updated on 2024-06-14 00:53:43 CEST.

Flavor Version Tinstall Tcheck Ttotal Status Flags
r-devel-linux-x86_64-debian-clang 0.1.5 4.32 31.75 36.07 NOTE
r-devel-linux-x86_64-debian-gcc 0.1.5 0.28 1.64 1.92 ERROR
r-devel-linux-x86_64-fedora-clang 0.1.5 45.10 NOTE
r-devel-linux-x86_64-fedora-gcc 0.1.5 43.17 NOTE
r-devel-windows-x86_64 0.1.5 5.00 49.00 54.00 NOTE
r-patched-linux-x86_64 0.1.5 4.24 30.40 34.64 NOTE
r-release-linux-x86_64 0.1.5 3.95 31.37 35.32 NOTE
r-release-macos-arm64 0.1.5 21.00 NOTE
r-release-macos-x86_64 0.1.5 27.00 NOTE
r-release-windows-x86_64 0.1.5 6.00 59.00 65.00 NOTE
r-oldrel-macos-arm64 0.1.5 20.00 NOTE
r-oldrel-macos-x86_64 0.1.5 27.00 NOTE
r-oldrel-windows-x86_64 0.1.5 6.00 52.00 58.00 NOTE

Check Details

Version: 0.1.5
Check: LazyData
Result: NOTE 'LazyData' is specified without a 'data' directory Flavors: r-devel-linux-x86_64-debian-clang, r-devel-linux-x86_64-fedora-clang, r-devel-linux-x86_64-fedora-gcc, r-devel-windows-x86_64, r-patched-linux-x86_64, r-release-linux-x86_64, r-release-macos-arm64, r-release-macos-x86_64, r-release-windows-x86_64, r-oldrel-macos-arm64, r-oldrel-macos-x86_64, r-oldrel-windows-x86_64

Version: 0.1.5
Check: package dependencies
Result: ERROR Packages required but not available: 'ggplot2', 'dplyr' See section ‘The DESCRIPTION file’ in the ‘Writing R Extensions’ manual. Flavor: r-devel-linux-x86_64-debian-gcc

Version: 0.1.5
Check: dependencies in R code
Result: NOTE Namespace in Imports field not imported from: ‘dplyr’ All declared Imports should be used. Flavors: r-devel-linux-x86_64-fedora-clang, r-devel-linux-x86_64-fedora-gcc