CRAN Package Check Results for Package ggbuildr

Last updated on 2021-10-25 00:49:12 CEST.

Flavor Version Tinstall Tcheck Ttotal Status Flags
r-devel-linux-x86_64-debian-clang 0.1.0 3.31 50.18 53.49 NOTE
r-devel-linux-x86_64-debian-gcc 0.1.0 3.44 37.75 41.19 NOTE
r-devel-linux-x86_64-fedora-clang 0.1.0 74.66 NOTE
r-devel-linux-x86_64-fedora-gcc 0.1.0 62.46 NOTE
r-devel-windows-x86_64 0.1.0 8.00 72.00 80.00 NOTE
r-devel-windows-x86_64-gcc10-UCRT 0.1.0 NOTE
r-patched-linux-x86_64 0.1.0 3.88 46.69 50.57 NOTE
r-patched-solaris-x86 0.1.0 92.80 NOTE
r-release-linux-x86_64 0.1.0 3.71 47.32 51.03 NOTE
r-release-macos-arm64 0.1.0 NOTE
r-release-macos-x86_64 0.1.0 NOTE
r-release-windows-ix86+x86_64 0.1.0 10.00 72.00 82.00 NOTE
r-oldrel-macos-x86_64 0.1.0 OK
r-oldrel-windows-ix86+x86_64 0.1.0 13.00 72.00 85.00 OK

Check Details

Version: 0.1.0
Check: LazyData
Result: NOTE
     'LazyData' is specified without a 'data' directory
Flavors: r-devel-linux-x86_64-debian-clang, r-devel-linux-x86_64-debian-gcc, r-devel-linux-x86_64-fedora-clang, r-devel-linux-x86_64-fedora-gcc, r-devel-windows-x86_64, r-devel-windows-x86_64-gcc10-UCRT, r-patched-linux-x86_64, r-patched-solaris-x86, r-release-linux-x86_64, r-release-macos-arm64, r-release-macos-x86_64, r-release-windows-ix86+x86_64