Last updated on 2023-06-09 00:54:23 CEST.
Flavor | Version | Tinstall | Tcheck | Ttotal | Status | Flags |
---|---|---|---|---|---|---|
r-devel-linux-x86_64-debian-clang | 3.3.0 | 16.32 | 516.04 | 532.36 | OK | |
r-devel-linux-x86_64-debian-gcc | 3.3.0 | 12.16 | 390.87 | 403.03 | OK | |
r-devel-linux-x86_64-fedora-clang | 3.3.0 | 643.61 | OK | |||
r-devel-linux-x86_64-fedora-gcc | 3.3.0 | 632.82 | OK | |||
r-devel-windows-x86_64 | 3.3.0 | 18.00 | 384.00 | 402.00 | OK | |
r-patched-linux-x86_64 | 3.3.0 | 31.16 | 502.44 | 533.60 | OK | |
r-release-linux-x86_64 | 3.3.0 | 15.48 | 499.05 | 514.53 | OK | |
r-release-macos-arm64 | 3.3.0 | 169.00 | OK | |||
r-release-macos-x86_64 | 3.2.1 | 290.00 | NOTE | |||
r-release-windows-x86_64 | 3.3.0 | 21.00 | 515.00 | 536.00 | OK | |
r-oldrel-macos-arm64 | 3.3.0 | 196.00 | OK | |||
r-oldrel-macos-x86_64 | 3.3.0 | 238.00 | OK | |||
r-oldrel-windows-x86_64 | 3.3.0 | 20.00 | 485.00 | 505.00 | OK |
Version: 3.2.1
Check: package dependencies
Result: NOTE
Package suggested but not available for checking: ‘fda’
Flavor: r-release-macos-x86_64
Version: 3.2.1
Check: Rd cross-references
Result: NOTE
Package unavailable to check Rd xrefs: ‘fda’
Flavor: r-release-macos-x86_64