CRAN Package Check Results for Package ggedit

Last updated on 2024-06-13 00:55:15 CEST.

Flavor Version Tinstall Tcheck Ttotal Status Flags
r-devel-linux-x86_64-debian-clang 0.4.1 14.02 98.62 112.64 OK
r-devel-linux-x86_64-debian-gcc 0.4.1 0.39 1.82 2.21 ERROR
r-devel-linux-x86_64-fedora-clang 0.4.1 139.18 OK
r-devel-linux-x86_64-fedora-gcc 0.4.1 123.54 OK
r-devel-windows-x86_64 0.4.1 12.00 92.00 104.00 OK
r-patched-linux-x86_64 0.4.1 14.21 91.94 106.15 OK
r-release-linux-x86_64 0.4.1 10.49 92.61 103.10 OK
r-release-macos-arm64 0.4.1 41.00 OK
r-release-macos-x86_64 0.4.1 68.00 OK
r-release-windows-x86_64 0.4.1 14.00 91.00 105.00 OK
r-oldrel-macos-arm64 0.4.1 44.00 OK
r-oldrel-macos-x86_64 0.4.1 96.00 OK
r-oldrel-windows-x86_64 0.4.1 15.00 111.00 126.00 OK

Check Details

Version: 0.4.1
Check: package dependencies
Result: ERROR Packages required but not available: 'ggplot2', 'dplyr', 'tidyr', 'purrr', 'tibble', 'colourpicker' Package suggested but not available for checking: ‘testthat’ See section ‘The DESCRIPTION file’ in the ‘Writing R Extensions’ manual. Flavor: r-devel-linux-x86_64-debian-gcc