CRAN Package Check Results for Package gggap

Last updated on 2021-10-25 00:49:12 CEST.

Flavor Version Tinstall Tcheck Ttotal Status Flags
r-devel-linux-x86_64-debian-clang 1.0.1 4.33 47.24 51.57 NOTE
r-devel-linux-x86_64-debian-gcc 1.0.1 3.42 35.96 39.38 NOTE
r-devel-linux-x86_64-fedora-clang 1.0.1 70.45 NOTE
r-devel-linux-x86_64-fedora-gcc 1.0.1 59.72 NOTE
r-devel-windows-x86_64 1.0.1 9.00 67.00 76.00 NOTE
r-devel-windows-x86_64-gcc10-UCRT 1.0.1 NOTE
r-patched-linux-x86_64 1.0.1 3.22 44.57 47.79 NOTE
r-patched-solaris-x86 1.0.1 86.20 NOTE
r-release-linux-x86_64 1.0.1 3.49 44.10 47.59 NOTE
r-release-macos-arm64 1.0.1 NOTE
r-release-macos-x86_64 1.0.1 NOTE
r-release-windows-ix86+x86_64 1.0.1 11.00 70.00 81.00 NOTE
r-oldrel-macos-x86_64 1.0.1 OK
r-oldrel-windows-ix86+x86_64 1.0.1 14.00 67.00 81.00 OK

Check Details

Version: 1.0.1
Check: LazyData
Result: NOTE
     'LazyData' is specified without a 'data' directory
Flavors: r-devel-linux-x86_64-debian-clang, r-devel-linux-x86_64-debian-gcc, r-devel-linux-x86_64-fedora-clang, r-devel-linux-x86_64-fedora-gcc, r-devel-windows-x86_64, r-devel-windows-x86_64-gcc10-UCRT, r-patched-linux-x86_64, r-patched-solaris-x86, r-release-linux-x86_64, r-release-macos-arm64, r-release-macos-x86_64, r-release-windows-ix86+x86_64