CRAN Package Check Results for Package gghalfnorm

Last updated on 2021-10-28 00:48:45 CEST.

Flavor Version Tinstall Tcheck Ttotal Status Flags
r-devel-linux-x86_64-debian-clang 1.1.2 4.45 47.48 51.93 NOTE
r-devel-linux-x86_64-debian-gcc 1.1.2 3.43 36.16 39.59 NOTE
r-devel-linux-x86_64-fedora-clang 1.1.2 71.84 NOTE
r-devel-linux-x86_64-fedora-gcc 1.1.2 60.18 NOTE
r-devel-windows-x86_64 1.1.2 8.00 68.00 76.00 NOTE
r-devel-windows-x86_64-gcc10-UCRT 1.1.2 NOTE
r-patched-linux-x86_64 1.1.2 3.99 44.52 48.51 NOTE
r-patched-solaris-x86 1.1.2 91.10 NOTE
r-release-linux-x86_64 1.1.2 4.00 43.79 47.79 NOTE
r-release-macos-arm64 1.1.2 NOTE
r-release-macos-x86_64 1.1.2 NOTE
r-release-windows-ix86+x86_64 1.1.2 9.00 67.00 76.00 NOTE
r-oldrel-macos-x86_64 1.1.2 OK
r-oldrel-windows-ix86+x86_64 1.1.2 9.00 54.00 63.00 OK

Check Details

Version: 1.1.2
Check: LazyData
Result: NOTE
     'LazyData' is specified without a 'data' directory
Flavors: r-devel-linux-x86_64-debian-clang, r-devel-linux-x86_64-debian-gcc, r-devel-linux-x86_64-fedora-clang, r-devel-linux-x86_64-fedora-gcc, r-devel-windows-x86_64, r-devel-windows-x86_64-gcc10-UCRT, r-patched-linux-x86_64, r-patched-solaris-x86, r-release-linux-x86_64, r-release-macos-arm64, r-release-macos-x86_64, r-release-windows-ix86+x86_64