CRAN Package Check Results for Package ggjoy

Last updated on 2022-12-09 00:53:27 CET.

Flavor Version Tinstall Tcheck Ttotal Status Flags
r-devel-linux-x86_64-debian-clang 0.4.1 5.18 48.31 53.49 NOTE
r-devel-linux-x86_64-debian-gcc 0.4.1 3.76 37.86 41.62 NOTE
r-devel-linux-x86_64-fedora-clang 0.4.1 78.69 NOTE
r-devel-linux-x86_64-fedora-gcc 0.4.1 86.42 NOTE
r-devel-windows-x86_64 0.4.1 14.00 74.00 88.00 NOTE
r-patched-linux-x86_64 0.4.1 10.32 47.19 57.51 NOTE
r-release-linux-x86_64 0.4.1 3.72 47.51 51.23 NOTE
r-release-macos-arm64 0.4.1 23.00 NOTE
r-release-macos-x86_64 0.4.1 51.00 NOTE
r-release-windows-x86_64 0.4.1 14.00 82.00 96.00 NOTE
r-oldrel-macos-arm64 0.4.1 24.00 NOTE
r-oldrel-macos-x86_64 0.4.1 42.00 NOTE
r-oldrel-windows-ix86+x86_64 0.4.1 15.00 71.00 86.00 NOTE

Check Details

Version: 0.4.1
Check: LazyData
Result: NOTE
     'LazyData' is specified without a 'data' directory
Flavors: r-devel-linux-x86_64-debian-clang, r-devel-linux-x86_64-debian-gcc, r-devel-linux-x86_64-fedora-clang, r-devel-linux-x86_64-fedora-gcc, r-devel-windows-x86_64, r-patched-linux-x86_64, r-release-linux-x86_64, r-release-macos-arm64, r-release-macos-x86_64, r-release-windows-x86_64, r-oldrel-macos-arm64, r-oldrel-macos-x86_64, r-oldrel-windows-ix86+x86_64