CRAN Package Check Results for Package ggmap

Last updated on 2021-10-19 00:49:17 CEST.

Flavor Version Tinstall Tcheck Ttotal Status Flags
r-devel-linux-x86_64-debian-clang 3.0.0 13.92 84.41 98.33 OK
r-devel-linux-x86_64-debian-gcc 3.0.0 11.49 63.35 74.84 OK
r-devel-linux-x86_64-fedora-clang 3.0.0 126.15 OK
r-devel-linux-x86_64-fedora-gcc 3.0.0 112.47 OK
r-devel-windows-x86_64 3.0.0 20.00 111.00 131.00 OK
r-devel-windows-x86_64-gcc10-UCRT 3.0.0 OK
r-patched-linux-x86_64 3.0.0 19.18 79.90 99.08 OK
r-patched-solaris-x86 3.0.0 166.20 NOTE
r-release-linux-x86_64 3.0.0 11.41 78.86 90.27 OK
r-release-macos-arm64 3.0.0 OK
r-release-macos-x86_64 3.0.0 OK
r-release-windows-ix86+x86_64 3.0.0 26.00 107.00 133.00 OK
r-oldrel-macos-x86_64 3.0.0 OK
r-oldrel-windows-ix86+x86_64 3.0.0 26.00 106.00 132.00 OK

Check Details

Version: 3.0.0
Check: installed package size
Result: NOTE
     installed size is 5.1Mb
     sub-directories of 1Mb or more:
     data 4.5Mb
Flavor: r-patched-solaris-x86