CRAN Package Check Results for Package ggpointless

Last updated on 2024-06-25 00:58:00 CEST.

Flavor Version Tinstall Tcheck Ttotal Status Flags
r-devel-linux-x86_64-debian-clang 0.1.0 7.46 112.41 119.87 OK
r-devel-linux-x86_64-debian-gcc 0.1.0 4.45 83.81 88.26 OK
r-devel-linux-x86_64-fedora-clang 0.1.0 150.92 NOTE
r-devel-linux-x86_64-fedora-gcc 0.1.0 156.11 NOTE
r-devel-windows-x86_64 0.1.0 7.00 93.00 100.00 OK
r-patched-linux-x86_64 0.1.0 5.44 108.12 113.56 OK
r-release-linux-x86_64 0.1.0 5.08 105.42 110.50 OK
r-release-macos-arm64 0.1.0 46.00 OK
r-release-macos-x86_64 0.1.0 71.00 OK
r-release-windows-x86_64 0.1.0 7.00 93.00 100.00 OK
r-oldrel-macos-arm64 0.1.0 56.00 OK
r-oldrel-macos-x86_64 0.1.0 97.00 OK
r-oldrel-windows-x86_64 0.1.0 9.00 108.00 117.00 OK

Check Details

Version: 0.1.0
Check: data for non-ASCII characters
Result: NOTE Note: found 35 marked UTF-8 strings Flavors: r-devel-linux-x86_64-fedora-clang, r-devel-linux-x86_64-fedora-gcc