CRAN Package Check Results for Package ggrain

Last updated on 2025-01-20 00:48:21 CET.

Flavor Version Tinstall Tcheck Ttotal Status Flags
r-devel-linux-x86_64-debian-clang 0.0.4 4.97 62.47 67.44 NOTE
r-devel-linux-x86_64-debian-gcc 0.0.4 4.19 45.05 49.24 NOTE
r-devel-linux-x86_64-fedora-clang 0.0.4 106.05 OK
r-devel-linux-x86_64-fedora-gcc 0.0.4 113.08 OK
r-devel-windows-x86_64 0.0.4 6.00 73.00 79.00 NOTE
r-patched-linux-x86_64 0.0.4 8.20 56.73 64.93 OK
r-release-linux-x86_64 0.0.4 5.28 57.05 62.33 OK
r-release-macos-arm64 0.0.4 36.00 OK
r-release-macos-x86_64 0.0.4 56.00 OK
r-release-windows-x86_64 0.0.4 9.00 78.00 87.00 OK
r-oldrel-macos-arm64 0.0.4 48.00 OK
r-oldrel-macos-x86_64 0.0.4 72.00 OK
r-oldrel-windows-x86_64 0.0.4 8.00 85.00 93.00 OK

Check Details

Version: 0.0.4
Check: Rd cross-references
Result: NOTE Found the following Rd file(s) with Rd \link{} targets missing package anchors: ggplot2-ggproto.Rd: geom_jitter, geom_count, geom_bin2d, layer, geom_smooth, geom_quantile, geom_density_2d, geom_boxplot, geom_hex, geom_density2d Please provide package anchors for all Rd \link{} targets not in the package itself and the base packages. Flavors: r-devel-linux-x86_64-debian-clang, r-devel-linux-x86_64-debian-gcc, r-devel-windows-x86_64