CRAN Package Check Results for Package ggrastr

Last updated on 2021-10-22 00:50:26 CEST.

Flavor Version Tinstall Tcheck Ttotal Status Flags
r-devel-linux-x86_64-debian-clang 0.2.3 5.24 310.31 315.55 NOTE
r-devel-linux-x86_64-debian-gcc 0.2.3 3.92 237.73 241.65 NOTE
r-devel-linux-x86_64-fedora-clang 0.2.3 392.55 NOTE
r-devel-linux-x86_64-fedora-gcc 0.2.3 387.82 NOTE
r-devel-windows-x86_64 0.2.3 10.00 541.00 551.00 NOTE
r-devel-windows-x86_64-gcc10-UCRT 0.2.3 NOTE
r-patched-linux-x86_64 0.2.3 5.42 302.34 307.76 NOTE
r-patched-solaris-x86 0.2.3 147.30 NOTE
r-release-linux-x86_64 0.2.3 4.78 302.03 306.81 NOTE
r-release-macos-arm64 0.2.3 NOTE
r-release-macos-x86_64 0.2.3 NOTE
r-release-windows-ix86+x86_64 0.2.3 14.00 524.00 538.00 NOTE
r-oldrel-macos-x86_64 0.2.3 OK
r-oldrel-windows-ix86+x86_64 0.2.3 14.00 525.00 539.00 OK

Check Details

Version: 0.2.3
Check: LazyData
Result: NOTE
     'LazyData' is specified without a 'data' directory
Flavors: r-devel-linux-x86_64-debian-clang, r-devel-linux-x86_64-debian-gcc, r-devel-linux-x86_64-fedora-clang, r-devel-linux-x86_64-fedora-gcc, r-devel-windows-x86_64, r-devel-windows-x86_64-gcc10-UCRT, r-patched-linux-x86_64, r-patched-solaris-x86, r-release-linux-x86_64, r-release-macos-arm64, r-release-macos-x86_64, r-release-windows-ix86+x86_64