CRAN Package Check Results for Package ggsankeyfier

Last updated on 2024-06-13 00:55:15 CEST.

Flavor Version Tinstall Tcheck Ttotal Status Flags
r-devel-linux-x86_64-debian-clang 0.1.8 7.91 182.26 190.17 OK
r-devel-linux-x86_64-debian-gcc 0.1.8 0.46 1.84 2.30 ERROR
r-devel-linux-x86_64-fedora-clang 0.1.8 243.76 OK
r-devel-linux-x86_64-fedora-gcc 0.1.8 235.60 OK
r-devel-windows-x86_64 0.1.8 7.00 130.00 137.00 OK
r-patched-linux-x86_64 0.1.8 5.92 175.41 181.33 OK
r-release-linux-x86_64 0.1.8 4.37 172.07 176.44 OK
r-release-macos-arm64 0.1.8 70.00 OK
r-release-macos-x86_64 0.1.8 108.00 OK
r-release-windows-x86_64 0.1.8 7.00 136.00 143.00 OK
r-oldrel-macos-arm64 0.1.8 78.00 OK
r-oldrel-macos-x86_64 0.1.8 230.00 OK
r-oldrel-windows-x86_64 0.1.8 9.00 165.00 174.00 OK

Check Details

Version: 0.1.8
Check: package dependencies
Result: ERROR Packages required but not available: 'dplyr', 'ggplot2', 'tidyr' Packages suggested but not available for checking: 'stringr', 'testthat', 'vdiffr' See section ‘The DESCRIPTION file’ in the ‘Writing R Extensions’ manual. Flavor: r-devel-linux-x86_64-debian-gcc