CRAN Package Check Results for Package ggstar

Last updated on 2022-12-08 00:52:20 CET.

Flavor Version Tinstall Tcheck Ttotal Status Flags
r-devel-linux-x86_64-debian-clang 1.0.4 5.52 60.60 66.12 OK
r-devel-linux-x86_64-debian-gcc 1.0.4 4.14 45.32 49.46 OK
r-devel-linux-x86_64-fedora-clang 1.0.4 91.49 NOTE
r-devel-linux-x86_64-fedora-gcc 1.0.4 99.30 OK
r-devel-windows-x86_64 1.0.4 22.00 91.00 113.00 OK
r-patched-linux-x86_64 1.0.4 5.42 56.71 62.13 OK
r-release-linux-x86_64 1.0.4 5.17 57.91 63.08 OK
r-release-macos-arm64 1.0.4 32.00 OK
r-release-macos-x86_64 1.0.4 37.00 OK
r-release-windows-x86_64 1.0.4 20.00 92.00 112.00 OK
r-oldrel-macos-arm64 1.0.4 35.00 OK
r-oldrel-macos-x86_64 1.0.4 49.00 OK
r-oldrel-windows-ix86+x86_64 1.0.4 15.00 85.00 100.00 OK

Check Details

Version: 1.0.4
Check: Rd cross-references
Result: NOTE
    Undeclared package ‘rlang’ in Rd xrefs
Flavor: r-devel-linux-x86_64-fedora-clang