Last updated on 2023-06-09 00:54:23 CEST.
Flavor | Version | Tinstall | Tcheck | Ttotal | Status | Flags |
---|---|---|---|---|---|---|
r-devel-linux-x86_64-debian-gcc | 3.4.2 | 14.50 | 120.46 | 134.96 | OK | |
r-devel-linux-x86_64-fedora-clang | 3.4.2 | 228.49 | NOTE | |||
r-devel-linux-x86_64-fedora-gcc | 3.4.2 | 223.52 | OK | |||
r-devel-windows-x86_64 | 3.4.2 | 19.00 | 159.00 | 178.00 | OK | |
r-patched-linux-x86_64 | 3.4.2 | 22.05 | 151.75 | 173.80 | OK | |
r-release-linux-x86_64 | 3.4.2 | 14.50 | 150.32 | 164.82 | OK | |
r-release-macos-arm64 | 3.4.2 | 61.00 | OK | |||
r-release-macos-x86_64 | 3.4.1 | 180.00 | WARN | |||
r-release-windows-x86_64 | 3.4.2 | 23.00 | 182.00 | 205.00 | OK | |
r-oldrel-macos-arm64 | 3.4.2 | 68.00 | OK | |||
r-oldrel-macos-x86_64 | 3.4.2 | 79.00 | OK | |||
r-oldrel-windows-x86_64 | 3.4.2 | 20.00 | 181.00 | 201.00 | OK |
Version: 3.4.2
Check: Rd cross-references
Result: NOTE
Undeclared packages ‘chemometrics’, ‘rlang’ in Rd xrefs
Flavor: r-devel-linux-x86_64-fedora-clang
Version: 3.4.1
Check: Rd files
Result: WARN
theme_elements.Rd:21: the condition has length > 1
problem found in ‘theme_elements.Rd’
Flavor: r-release-macos-x86_64