CRAN Package Check Results for Package ghcm

Last updated on 2021-09-28 00:48:23 CEST.

Flavor Version Tinstall Tcheck Ttotal Status Flags
r-devel-linux-x86_64-debian-clang 1.0.0 2.98 270.78 273.76 OK
r-devel-linux-x86_64-debian-gcc 1.0.0 2.36 199.32 201.68 OK
r-devel-linux-x86_64-fedora-clang 2.0.0 343.40 NOTE
r-devel-linux-x86_64-fedora-gcc 2.0.0 295.33 NOTE
r-devel-windows-x86_64 1.0.0 4.00 272.00 276.00 OK
r-devel-windows-x86_64-gcc10-UCRT 1.0.0 NOTE
r-patched-linux-x86_64 1.0.0 3.21 255.55 258.76 OK
r-patched-solaris-x86 1.0.0 648.70 NOTE
r-release-linux-x86_64 1.0.0 2.82 265.07 267.89 OK
r-release-macos-arm64 1.0.0 NOTE
r-release-macos-x86_64 1.0.0 NOTE
r-release-windows-ix86+x86_64 1.0.0 8.00 261.00 269.00 OK
r-oldrel-macos-x86_64 1.0.0 NOTE
r-oldrel-windows-ix86+x86_64 1.0.0 6.00 266.00 272.00 OK

Check Details

Version: 2.0.0
Check: dependencies in R code
Result: NOTE
    Namespaces in Imports field not imported from:
     ‘MASS’ ‘graphics’ ‘refund’ ‘stats’ ‘utils’
     All declared Imports should be used.
Flavors: r-devel-linux-x86_64-fedora-clang, r-devel-linux-x86_64-fedora-gcc

Version: 1.0.0
Check: dependencies in R code
Result: NOTE
    Namespace in Imports field not imported from: 'refund'
     All declared Imports should be used.
Flavors: r-devel-windows-x86_64-gcc10-UCRT, r-patched-solaris-x86, r-release-macos-arm64, r-release-macos-x86_64, r-oldrel-macos-x86_64