CRAN Package Check Results for Package gibasa

Last updated on 2024-06-13 00:55:15 CEST.

Flavor Version Tinstall Tcheck Ttotal Status Flags
r-devel-linux-x86_64-debian-clang 1.1.0 204.06 59.45 263.51 NOTE
r-devel-linux-x86_64-debian-gcc 1.1.0 0.49 1.72 2.21 ERROR
r-devel-linux-x86_64-fedora-clang 1.1.0 398.27 NOTE
r-devel-linux-x86_64-fedora-gcc 1.1.0 405.92 NOTE
r-devel-windows-x86_64 1.1.0 196.00 90.00 286.00 NOTE
r-patched-linux-x86_64 1.1.0 173.09 58.35 231.44 NOTE
r-release-linux-x86_64 1.1.0 135.60 58.83 194.43 NOTE
r-release-macos-arm64 1.1.0 68.00 NOTE
r-release-macos-x86_64 1.1.0 72.00 NOTE
r-release-windows-x86_64 1.1.0 207.00 87.00 294.00 NOTE
r-oldrel-macos-arm64 1.1.0 73.00 NOTE
r-oldrel-macos-x86_64 1.1.0 107.00 NOTE
r-oldrel-windows-x86_64 1.1.0 239.00 107.00 346.00 NOTE

Check Details

Version: 1.1.0
Check: for GNU extensions in Makefiles
Result: NOTE GNU make is a SystemRequirements. Flavors: r-devel-linux-x86_64-debian-clang, r-devel-linux-x86_64-fedora-clang, r-devel-linux-x86_64-fedora-gcc, r-devel-windows-x86_64, r-patched-linux-x86_64, r-release-linux-x86_64, r-release-macos-arm64, r-release-macos-x86_64, r-release-windows-x86_64, r-oldrel-macos-arm64, r-oldrel-macos-x86_64, r-oldrel-windows-x86_64

Version: 1.1.0
Check: package dependencies
Result: ERROR Packages required but not available: 'dplyr', 'purrr', 'readr' Packages suggested but not available for checking: 'roxygen2', 'testthat' See section ‘The DESCRIPTION file’ in the ‘Writing R Extensions’ manual. Flavor: r-devel-linux-x86_64-debian-gcc

Version: 1.1.0
Check: data for non-ASCII characters
Result: NOTE Note: found 553 marked UTF-8 strings Flavors: r-devel-linux-x86_64-fedora-clang, r-devel-linux-x86_64-fedora-gcc

Version: 1.1.0
Check: installed package size
Result: NOTE installed size is 7.5Mb sub-directories of 1Mb or more: libs 7.2Mb Flavors: r-release-macos-arm64, r-release-macos-x86_64, r-oldrel-macos-arm64, r-oldrel-macos-x86_64