CRAN Package Check Results for Package gif

Last updated on 2021-10-24 00:50:58 CEST.

Flavor Version Tinstall Tcheck Ttotal Status Flags
r-devel-linux-x86_64-debian-clang 0.1.0 35.93 66.79 102.72 OK
r-devel-linux-x86_64-debian-gcc 0.1.0 25.98 53.28 79.26 OK
r-devel-linux-x86_64-fedora-clang 0.1.0 146.56 NOTE
r-devel-linux-x86_64-fedora-gcc 0.1.0 130.90 OK
r-devel-windows-x86_64 0.1.0 45.00 105.00 150.00 OK
r-devel-windows-x86_64-gcc10-UCRT 0.1.0 OK
r-patched-linux-x86_64 0.1.0 31.00 65.86 96.86 OK
r-patched-solaris-x86 0.1.0 163.70 OK
r-release-linux-x86_64 0.1.0 29.52 66.04 95.56 OK
r-release-macos-arm64 0.1.0 NOTE
r-release-macos-x86_64 0.1.0 NOTE
r-release-windows-ix86+x86_64 0.1.0 58.00 133.00 191.00 OK
r-oldrel-macos-x86_64 0.1.0 NOTE
r-oldrel-windows-ix86+x86_64 0.1.0 85.00 137.00 222.00 OK

Check Details

Version: 0.1.0
Check: installed package size
Result: NOTE
     installed size is 5.5Mb
     sub-directories of 1Mb or more:
     doc 1.1Mb
     libs 4.1Mb
Flavors: r-devel-linux-x86_64-fedora-clang, r-release-macos-arm64, r-release-macos-x86_64, r-oldrel-macos-x86_64