Last updated on 2023-04-01 00:53:00 CEST.
Flavor | Version | Tinstall | Tcheck | Ttotal | Status | Flags |
---|---|---|---|---|---|---|
r-devel-linux-x86_64-debian-clang | 1.6.6-1 | 381.45 | 21.30 | 402.75 | OK | |
r-devel-linux-x86_64-debian-gcc | 1.6.6-1 | 292.54 | 16.61 | 309.15 | OK | |
r-devel-linux-x86_64-fedora-clang | 1.6.6-1 | 475.00 | OK | |||
r-devel-linux-x86_64-fedora-gcc | 1.6.6-1 | 454.21 | OK | |||
r-devel-windows-x86_64 | 1.6.6-1 | 23.00 | 0.00 | 23.00 | OK | |
r-patched-linux-x86_64 | 1.6.6-1 | 367.89 | 20.86 | 388.75 | OK | |
r-release-linux-x86_64 | 1.6.6-1 | 375.68 | 22.23 | 397.91 | OK | |
r-release-macos-arm64 | 1.6.6-1 | 103.00 | NOTE | |||
r-release-macos-x86_64 | 1.6.6-1 | 114.00 | NOTE | |||
r-release-windows-x86_64 | 1.6.6-1 | 21.00 | 69.00 | 90.00 | OK | |
r-oldrel-macos-arm64 | 1.6.6-1 | 74.00 | NOTE | |||
r-oldrel-macos-x86_64 | 1.6.6-1 | 96.00 | NOTE | |||
r-oldrel-windows-ix86+x86_64 | 1.6.6-1 | 23.00 | 96.00 | 119.00 | OK |
Version: 1.6.6-1
Check: installed package size
Result: NOTE
installed size is 7.6Mb
sub-directories of 1Mb or more:
libs 7.5Mb
Flavors: r-release-macos-arm64, r-release-macos-x86_64, r-oldrel-macos-arm64, r-oldrel-macos-x86_64