CRAN Package Check Results for Package gifski

Last updated on 2021-10-21 00:49:46 CEST.

Flavor Version Tinstall Tcheck Ttotal Status Flags
r-devel-linux-x86_64-debian-clang 1.4.3-1 245.37 20.07 265.44 OK
r-devel-linux-x86_64-debian-gcc 1.4.3-1 177.30 15.98 193.28 OK
r-devel-linux-x86_64-fedora-clang 1.4.3-1 355.61 OK
r-devel-linux-x86_64-fedora-gcc 1.4.3-1 343.79 OK
r-devel-windows-x86_64 1.4.3-1 10.00 48.00 58.00 OK
r-devel-windows-x86_64-gcc10-UCRT 1.4.3-1 OK
r-patched-linux-x86_64 1.4.3-1 239.94 20.01 259.95 OK
r-release-linux-x86_64 1.4.3-1 239.95 20.49 260.44 OK
r-release-macos-arm64 1.4.3-1 NOTE
r-release-macos-x86_64 1.4.3-1 NOTE
r-release-windows-ix86+x86_64 1.4.3-1 11.00 62.00 73.00 OK
r-oldrel-macos-x86_64 1.4.3-1 NOTE
r-oldrel-windows-ix86+x86_64 1.4.3-1 15.00 58.00 73.00 OK

Check Details

Version: 1.4.3-1
Check: installed package size
Result: NOTE
     installed size is 6.7Mb
     sub-directories of 1Mb or more:
     libs 6.7Mb
Flavors: r-release-macos-arm64, r-release-macos-x86_64, r-oldrel-macos-x86_64