Last updated on 2023-09-27 23:37:34 CEST.
Flavor | Version | Tinstall | Tcheck | Ttotal | Status | Flags |
---|---|---|---|---|---|---|
r-devel-linux-x86_64-debian-clang | 0.8.0 | 3.53 | 57.50 | 61.03 | NOTE | |
r-devel-linux-x86_64-debian-gcc | 0.8.0 | 2.46 | 44.72 | 47.18 | NOTE | |
r-devel-linux-x86_64-fedora-clang | 0.8.0 | 70.38 | NOTE | |||
r-devel-linux-x86_64-fedora-gcc | 0.8.0 | 84.44 | NOTE | |||
r-devel-windows-x86_64 | 0.8.0 | 8.00 | 167.00 | 175.00 | NOTE | |
r-patched-linux-x86_64 | 0.8.0 | 2.15 | 57.60 | 59.75 | NOTE | |
r-release-linux-x86_64 | 0.8.0 | 3.51 | 57.35 | 60.86 | NOTE | |
r-release-macos-arm64 | 0.8.0 | 45.00 | NOTE | |||
r-release-macos-x86_64 | 0.8.0 | 60.00 | NOTE | |||
r-release-windows-x86_64 | 0.8.0 | 4.00 | 403.00 | 407.00 | NOTE | |
r-oldrel-macos-arm64 | 0.8.0 | 39.00 | NOTE | |||
r-oldrel-macos-x86_64 | 0.8.0 | 52.00 | NOTE | |||
r-oldrel-windows-x86_64 | 0.8.0 | 6.00 | 494.00 | 500.00 | NOTE |
Version: 0.8.0
Check: LazyData
Result: NOTE
'LazyData' is specified without a 'data' directory
Flavors: r-devel-linux-x86_64-debian-clang, r-devel-linux-x86_64-debian-gcc, r-devel-linux-x86_64-fedora-clang, r-devel-linux-x86_64-fedora-gcc, r-devel-windows-x86_64, r-patched-linux-x86_64, r-release-linux-x86_64, r-release-macos-arm64, r-release-macos-x86_64, r-release-windows-x86_64, r-oldrel-macos-arm64, r-oldrel-macos-x86_64, r-oldrel-windows-x86_64