CRAN Package Check Results for Package gitlink

Last updated on 2021-10-24 00:50:58 CEST.

Flavor Version Tinstall Tcheck Ttotal Status Flags
r-devel-linux-x86_64-debian-clang 0.1.3 2.22 25.73 27.95 NOTE
r-devel-linux-x86_64-debian-gcc 0.1.3 1.74 21.08 22.82 NOTE
r-devel-linux-x86_64-fedora-clang 0.1.3 45.77 NOTE
r-devel-linux-x86_64-fedora-gcc 0.1.3 34.16 NOTE
r-devel-windows-x86_64 0.1.3 4.00 52.00 56.00 NOTE
r-devel-windows-x86_64-gcc10-UCRT 0.1.3 NOTE
r-patched-linux-x86_64 0.1.3 1.83 25.18 27.01 NOTE
r-patched-solaris-x86 0.1.3 55.30 NOTE
r-release-linux-x86_64 0.1.3 2.16 25.07 27.23 NOTE
r-release-macos-arm64 0.1.3 NOTE
r-release-macos-x86_64 0.1.3 NOTE
r-release-windows-ix86+x86_64 0.1.3 4.00 46.00 50.00 NOTE
r-oldrel-macos-x86_64 0.1.3 OK
r-oldrel-windows-ix86+x86_64 0.1.3 6.00 47.00 53.00 OK

Check Details

Version: 0.1.3
Check: LazyData
Result: NOTE
     'LazyData' is specified without a 'data' directory
Flavors: r-devel-linux-x86_64-debian-clang, r-devel-linux-x86_64-debian-gcc, r-devel-linux-x86_64-fedora-clang, r-devel-linux-x86_64-fedora-gcc, r-devel-windows-x86_64, r-devel-windows-x86_64-gcc10-UCRT, r-patched-linux-x86_64, r-patched-solaris-x86, r-release-linux-x86_64, r-release-macos-arm64, r-release-macos-x86_64, r-release-windows-ix86+x86_64