CRAN Package Check Results for Package gldrm

Last updated on 2021-10-19 00:49:18 CEST.

Flavor Version Tinstall Tcheck Ttotal Status Flags
r-devel-linux-x86_64-debian-clang 1.5 3.77 35.57 39.34 NOTE
r-devel-linux-x86_64-debian-gcc 1.5 2.90 27.01 29.91 NOTE
r-devel-linux-x86_64-fedora-clang 1.5 56.97 NOTE
r-devel-linux-x86_64-fedora-gcc 1.5 46.18 NOTE
r-devel-windows-x86_64 1.5 7.00 60.00 67.00 NOTE
r-devel-windows-x86_64-gcc10-UCRT 1.5 NOTE
r-patched-linux-x86_64 1.5 3.08 34.48 37.56 NOTE
r-patched-solaris-x86 1.5 72.50 NOTE
r-release-linux-x86_64 1.5 3.07 34.42 37.49 NOTE
r-release-macos-arm64 1.5 NOTE
r-release-macos-x86_64 1.5 NOTE
r-release-windows-ix86+x86_64 1.5 6.00 52.00 58.00 NOTE
r-oldrel-macos-x86_64 1.5 OK
r-oldrel-windows-ix86+x86_64 1.5 8.00 54.00 62.00 OK

Check Details

Version: 1.5
Check: LazyData
Result: NOTE
     'LazyData' is specified without a 'data' directory
Flavors: r-devel-linux-x86_64-debian-clang, r-devel-linux-x86_64-debian-gcc, r-devel-linux-x86_64-fedora-clang, r-devel-linux-x86_64-fedora-gcc, r-devel-windows-x86_64, r-devel-windows-x86_64-gcc10-UCRT, r-patched-linux-x86_64, r-patched-solaris-x86, r-release-linux-x86_64, r-release-macos-arm64, r-release-macos-x86_64, r-release-windows-ix86+x86_64