Last updated on 2023-06-05 00:55:24 CEST.
Flavor | Version | Tinstall | Tcheck | Ttotal | Status | Flags |
---|---|---|---|---|---|---|
r-devel-linux-x86_64-debian-clang | 1.4.1 | 361.23 | 349.14 | 710.37 | OK | |
r-devel-linux-x86_64-debian-gcc | 1.4.1 | 336.42 | 265.71 | 602.13 | OK | |
r-devel-linux-x86_64-fedora-clang | 1.4.1 | 792.25 | NOTE | |||
r-devel-linux-x86_64-fedora-gcc | 1.4.1 | 1027.53 | OK | |||
r-devel-windows-x86_64 | 1.4.1 | 234.00 | 297.00 | 531.00 | NOTE | |
r-patched-linux-x86_64 | 1.4.1 | 288.86 | 348.60 | 637.46 | OK | |
r-release-linux-x86_64 | 1.4.1 | 294.57 | 358.92 | 653.49 | OK | |
r-release-macos-arm64 | 1.4.1 | 287.00 | NOTE | |||
r-release-macos-x86_64 | 1.4.1 | 416.00 | NOTE | |||
r-release-windows-x86_64 | 1.4.1 | 326.00 | 371.00 | 697.00 | NOTE | |
r-oldrel-macos-arm64 | 1.4.1 | 263.00 | NOTE | |||
r-oldrel-macos-x86_64 | 1.4.1 | 333.00 | NOTE | |||
r-oldrel-windows-x86_64 | 1.4.1 | 301.00 | 373.00 | 674.00 | NOTE |
Version: 1.4.1
Check: installed package size
Result: NOTE
installed size is 5.8Mb
sub-directories of 1Mb or more:
doc 1.4Mb
libs 3.5Mb
Flavors: r-devel-linux-x86_64-fedora-clang, r-devel-windows-x86_64, r-release-macos-arm64, r-release-macos-x86_64, r-release-windows-x86_64, r-oldrel-macos-arm64, r-oldrel-macos-x86_64, r-oldrel-windows-x86_64