CRAN Package Check Results for Package glm.deploy

Last updated on 2024-06-17 00:50:00 CEST.

Flavor Version Tinstall Tcheck Ttotal Status Flags
r-devel-linux-x86_64-debian-clang 1.0.4 22.57 31.37 53.94 NOTE
r-devel-linux-x86_64-debian-gcc 1.0.4 17.01 24.58 41.59 NOTE
r-devel-linux-x86_64-fedora-clang 1.0.4 78.06 NOTE
r-devel-linux-x86_64-fedora-gcc 1.0.4 76.19 NOTE
r-devel-windows-x86_64 1.0.4 19.00 66.00 85.00 NOTE
r-patched-linux-x86_64 1.0.4 18.78 31.13 49.91 NOTE
r-release-linux-x86_64 1.0.4 22.28 30.10 52.38 NOTE
r-release-macos-arm64 1.0.4 23.00 NOTE
r-release-macos-x86_64 1.0.4 31.00 NOTE
r-release-windows-x86_64 1.0.4 20.00 67.00 87.00 NOTE
r-oldrel-macos-arm64 1.0.4 25.00 NOTE
r-oldrel-macos-x86_64 1.0.4 38.00 NOTE
r-oldrel-windows-x86_64 1.0.4 20.00 71.00 91.00 NOTE

Check Details

Version: 1.0.4
Check: LazyData
Result: NOTE 'LazyData' is specified without a 'data' directory Flavors: r-devel-linux-x86_64-debian-clang, r-devel-linux-x86_64-debian-gcc, r-devel-linux-x86_64-fedora-clang, r-devel-linux-x86_64-fedora-gcc, r-devel-windows-x86_64, r-patched-linux-x86_64, r-release-linux-x86_64, r-release-macos-arm64, r-release-macos-x86_64, r-release-windows-x86_64, r-oldrel-macos-arm64, r-oldrel-macos-x86_64, r-oldrel-windows-x86_64